{"id":2,"date":"2025-09-23T14:29:39","date_gmt":"2025-09-23T14:29:39","guid":{"rendered":"https:\/\/jcolas.santcugatesn.com\/?page_id=2"},"modified":"2025-11-11T21:41:09","modified_gmt":"2025-11-11T21:41:09","slug":"sample-page","status":"publish","type":"page","link":"https:\/\/jcolas.santcugatesn.com\/","title":{"rendered":"P\u00e0gina principal"},"content":{"rendered":"\n<p><\/p>\n\n\n\n<figure class=\"wp-block-image size-large\"><a href=\"https:\/\/jcolas.santcugatesn.com\/?product_cat=bolsos\"><img loading=\"lazy\" decoding=\"async\" width=\"1024\" height=\"535\" src=\"https:\/\/jcolas.santcugatesn.com\/wp-content\/uploads\/2025\/11\/WhatsApp-Image-2025-11-01-at-18.43.24-1024x535.jpeg\" alt=\"\" class=\"wp-image-143\" srcset=\"https:\/\/jcolas.santcugatesn.com\/wp-content\/uploads\/2025\/11\/WhatsApp-Image-2025-11-01-at-18.43.24-1024x535.jpeg 1024w, https:\/\/jcolas.santcugatesn.com\/wp-content\/uploads\/2025\/11\/WhatsApp-Image-2025-11-01-at-18.43.24-300x157.jpeg 300w, https:\/\/jcolas.santcugatesn.com\/wp-content\/uploads\/2025\/11\/WhatsApp-Image-2025-11-01-at-18.43.24-768x401.jpeg 768w, https:\/\/jcolas.santcugatesn.com\/wp-content\/uploads\/2025\/11\/WhatsApp-Image-2025-11-01-at-18.43.24-600x314.jpeg 600w, https:\/\/jcolas.santcugatesn.com\/wp-content\/uploads\/2025\/11\/WhatsApp-Image-2025-11-01-at-18.43.24.jpeg 1280w\" sizes=\"auto, (max-width: 1024px) 100vw, 1024px\" \/><\/a><\/figure>\n\n\n\n<figure class=\"wp-block-image size-large is-resized\"><a href=\"https:\/\/jcolas.santcugatesn.com\/?product_cat=bolsos\"><img loading=\"lazy\" decoding=\"async\" width=\"1024\" height=\"683\" src=\"https:\/\/jcolas.santcugatesn.com\/wp-content\/uploads\/2025\/11\/WhatsApp-Image-2025-11-01-at-20.17.01-1024x683.jpeg\" alt=\"\" class=\"wp-image-162\" style=\"width:958px;height:auto\" srcset=\"https:\/\/jcolas.santcugatesn.com\/wp-content\/uploads\/2025\/11\/WhatsApp-Image-2025-11-01-at-20.17.01-1024x683.jpeg 1024w, https:\/\/jcolas.santcugatesn.com\/wp-content\/uploads\/2025\/11\/WhatsApp-Image-2025-11-01-at-20.17.01-300x200.jpeg 300w, https:\/\/jcolas.santcugatesn.com\/wp-content\/uploads\/2025\/11\/WhatsApp-Image-2025-11-01-at-20.17.01-768x512.jpeg 768w, https:\/\/jcolas.santcugatesn.com\/wp-content\/uploads\/2025\/11\/WhatsApp-Image-2025-11-01-at-20.17.01-600x400.jpeg 600w, https:\/\/jcolas.santcugatesn.com\/wp-content\/uploads\/2025\/11\/WhatsApp-Image-2025-11-01-at-20.17.01.jpeg 1248w\" sizes=\"auto, (max-width: 1024px) 100vw, 1024px\" \/><\/a><\/figure>\n\n\n\n<p>Bolsos ic\u00f3nicos <\/p>\n\n\n\n<figure class=\"wp-block-image size-large is-resized\"><a href=\"https:\/\/jcolas.santcugatesn.com\/?product_cat=chaquetas\"><img loading=\"lazy\" decoding=\"async\" width=\"1024\" height=\"683\" src=\"https:\/\/jcolas.santcugatesn.com\/wp-content\/uploads\/2025\/11\/WhatsApp-Image-2025-11-01-at-20.21.47-1024x683.jpeg\" alt=\"\" class=\"wp-image-166\" style=\"width:966px;height:auto\" srcset=\"https:\/\/jcolas.santcugatesn.com\/wp-content\/uploads\/2025\/11\/WhatsApp-Image-2025-11-01-at-20.21.47-1024x683.jpeg 1024w, https:\/\/jcolas.santcugatesn.com\/wp-content\/uploads\/2025\/11\/WhatsApp-Image-2025-11-01-at-20.21.47-300x200.jpeg 300w, https:\/\/jcolas.santcugatesn.com\/wp-content\/uploads\/2025\/11\/WhatsApp-Image-2025-11-01-at-20.21.47-768x512.jpeg 768w, https:\/\/jcolas.santcugatesn.com\/wp-content\/uploads\/2025\/11\/WhatsApp-Image-2025-11-01-at-20.21.47-600x400.jpeg 600w, https:\/\/jcolas.santcugatesn.com\/wp-content\/uploads\/2025\/11\/WhatsApp-Image-2025-11-01-at-20.21.47.jpeg 1248w\" sizes=\"auto, (max-width: 1024px) 100vw, 1024px\" \/><\/a><\/figure>\n\n\n\n<p>Novedades<\/p>\n\n\n\n<figure class=\"wp-block-image size-large is-resized\"><a href=\"https:\/\/jcolas.santcugatesn.com\/?product_cat=tacones\"><img loading=\"lazy\" decoding=\"async\" width=\"1024\" height=\"696\" src=\"https:\/\/jcolas.santcugatesn.com\/wp-content\/uploads\/2025\/11\/Captura-de-pantalla-2025-11-01-a-las-20.36.28-1024x696.png\" alt=\"\" class=\"wp-image-170\" style=\"width:973px;height:auto\" srcset=\"https:\/\/jcolas.santcugatesn.com\/wp-content\/uploads\/2025\/11\/Captura-de-pantalla-2025-11-01-a-las-20.36.28-1024x696.png 1024w, https:\/\/jcolas.santcugatesn.com\/wp-content\/uploads\/2025\/11\/Captura-de-pantalla-2025-11-01-a-las-20.36.28-300x204.png 300w, https:\/\/jcolas.santcugatesn.com\/wp-content\/uploads\/2025\/11\/Captura-de-pantalla-2025-11-01-a-las-20.36.28-768x522.png 768w, https:\/\/jcolas.santcugatesn.com\/wp-content\/uploads\/2025\/11\/Captura-de-pantalla-2025-11-01-a-las-20.36.28-600x408.png 600w, https:\/\/jcolas.santcugatesn.com\/wp-content\/uploads\/2025\/11\/Captura-de-pantalla-2025-11-01-a-las-20.36.28.png 1362w\" sizes=\"auto, (max-width: 1024px) 100vw, 1024px\" \/><\/a><\/figure>\n\n\n\n<p>Tacones<\/p>\n\n\n\n<p><\/p>\n\n\n\n<p>NEWSLETTER<\/p>\n\n\n\n<p>Suscr\u00edbase para recibir novedades de&nbsp;Maison \u00c9clat<\/p>\n\n\n\n<p>Nuestras redes sociales<\/p>\n\n\n\n<figure class=\"wp-block-image size-full is-resized\"><img loading=\"lazy\" decoding=\"async\" width=\"466\" height=\"184\" src=\"https:\/\/jcolas.santcugatesn.com\/wp-content\/uploads\/2025\/11\/Captura-de-pantalla-2025-11-01-a-las-21.07.02.png\" alt=\"\" class=\"wp-image-175\" style=\"width:149px;height:auto\" srcset=\"https:\/\/jcolas.santcugatesn.com\/wp-content\/uploads\/2025\/11\/Captura-de-pantalla-2025-11-01-a-las-21.07.02.png 466w, https:\/\/jcolas.santcugatesn.com\/wp-content\/uploads\/2025\/11\/Captura-de-pantalla-2025-11-01-a-las-21.07.02-300x118.png 300w\" sizes=\"auto, (max-width: 466px) 100vw, 466px\" \/><\/figure>\n\n\n\n<p><\/p>\n","protected":false},"excerpt":{"rendered":"<p>Bolsos ic\u00f3nicos Novedades Tacones NEWSLETTER Suscr\u00edbase para recibir novedades de&nbsp;Maison \u00c9clat Nuestras redes sociales<\/p>\n","protected":false},"author":1,"featured_media":0,"parent":0,"menu_order":0,"comment_status":"closed","ping_status":"open","template":"","meta":{"footnotes":""},"class_list":["post-2","page","type-page","status-publish","hentry"],"yoast_head":"<!-- This site is optimized with the Yoast SEO plugin v26.3 - https:\/\/yoast.com\/wordpress\/plugins\/seo\/ -->\n<title>P\u00e0gina principal - Maison \u00c9clat<\/title>\n<meta name=\"robots\" content=\"index, follow, max-snippet:-1, max-image-preview:large, max-video-preview:-1\" \/>\n<link rel=\"canonical\" href=\"https:\/\/jcolas.santcugatesn.com\/\" \/>\n<meta property=\"og:locale\" content=\"en_US\" \/>\n<meta property=\"og:type\" content=\"article\" \/>\n<meta property=\"og:title\" content=\"P\u00e0gina principal - Maison \u00c9clat\" \/>\n<meta property=\"og:description\" content=\"Bolsos ic\u00f3nicos Novedades Tacones NEWSLETTER Suscr\u00edbase para recibir novedades de&nbsp;Maison \u00c9clat Nuestras redes sociales\" \/>\n<meta property=\"og:url\" content=\"https:\/\/jcolas.santcugatesn.com\/\" \/>\n<meta property=\"og:site_name\" content=\"Maison \u00c9clat\" \/>\n<meta property=\"article:modified_time\" content=\"2025-11-11T21:41:09+00:00\" \/>\n<meta property=\"og:image\" content=\"https:\/\/jcolas.santcugatesn.com\/wp-content\/uploads\/2025\/11\/WhatsApp-Image-2025-11-01-at-18.43.24.jpeg\" \/>\n\t<meta property=\"og:image:width\" content=\"1280\" \/>\n\t<meta property=\"og:image:height\" content=\"669\" \/>\n\t<meta property=\"og:image:type\" content=\"image\/jpeg\" \/>\n<meta name=\"twitter:card\" content=\"summary_large_image\" \/>\n<meta name=\"twitter:label1\" content=\"Est. reading time\" \/>\n\t<meta name=\"twitter:data1\" content=\"2 minutes\" \/>\n<script type=\"application\/ld+json\" class=\"yoast-schema-graph\">{\"@context\":\"https:\/\/schema.org\",\"@graph\":[{\"@type\":\"WebPage\",\"@id\":\"https:\/\/jcolas.santcugatesn.com\/\",\"url\":\"https:\/\/jcolas.santcugatesn.com\/\",\"name\":\"P\u00e0gina principal - Maison \u00c9clat\",\"isPartOf\":{\"@id\":\"https:\/\/jcolas.santcugatesn.com\/#website\"},\"primaryImageOfPage\":{\"@id\":\"https:\/\/jcolas.santcugatesn.com\/#primaryimage\"},\"image\":{\"@id\":\"https:\/\/jcolas.santcugatesn.com\/#primaryimage\"},\"thumbnailUrl\":\"https:\/\/jcolas.santcugatesn.com\/wp-content\/uploads\/2025\/11\/WhatsApp-Image-2025-11-01-at-18.43.24-1024x535.jpeg\",\"datePublished\":\"2025-09-23T14:29:39+00:00\",\"dateModified\":\"2025-11-11T21:41:09+00:00\",\"breadcrumb\":{\"@id\":\"https:\/\/jcolas.santcugatesn.com\/#breadcrumb\"},\"inLanguage\":\"en-US\",\"potentialAction\":[{\"@type\":\"ReadAction\",\"target\":[\"https:\/\/jcolas.santcugatesn.com\/\"]}]},{\"@type\":\"ImageObject\",\"inLanguage\":\"en-US\",\"@id\":\"https:\/\/jcolas.santcugatesn.com\/#primaryimage\",\"url\":\"https:\/\/jcolas.santcugatesn.com\/wp-content\/uploads\/2025\/11\/WhatsApp-Image-2025-11-01-at-18.43.24.jpeg\",\"contentUrl\":\"https:\/\/jcolas.santcugatesn.com\/wp-content\/uploads\/2025\/11\/WhatsApp-Image-2025-11-01-at-18.43.24.jpeg\",\"width\":1280,\"height\":669},{\"@type\":\"BreadcrumbList\",\"@id\":\"https:\/\/jcolas.santcugatesn.com\/#breadcrumb\",\"itemListElement\":[{\"@type\":\"ListItem\",\"position\":1,\"name\":\"Home\",\"item\":\"https:\/\/jcolas.santcugatesn.com\/\"},{\"@type\":\"ListItem\",\"position\":2,\"name\":\"P\u00e0gina principal\"}]},{\"@type\":\"WebSite\",\"@id\":\"https:\/\/jcolas.santcugatesn.com\/#website\",\"url\":\"https:\/\/jcolas.santcugatesn.com\/\",\"name\":\"Maison \u00c9clat\",\"description\":\"\",\"publisher\":{\"@id\":\"https:\/\/jcolas.santcugatesn.com\/#organization\"},\"potentialAction\":[{\"@type\":\"SearchAction\",\"target\":{\"@type\":\"EntryPoint\",\"urlTemplate\":\"https:\/\/jcolas.santcugatesn.com\/?s={search_term_string}\"},\"query-input\":{\"@type\":\"PropertyValueSpecification\",\"valueRequired\":true,\"valueName\":\"search_term_string\"}}],\"inLanguage\":\"en-US\"},{\"@type\":\"Organization\",\"@id\":\"https:\/\/jcolas.santcugatesn.com\/#organization\",\"name\":\"Maison \u00c9clat\",\"url\":\"https:\/\/jcolas.santcugatesn.com\/\",\"logo\":{\"@type\":\"ImageObject\",\"inLanguage\":\"en-US\",\"@id\":\"https:\/\/jcolas.santcugatesn.com\/#\/schema\/logo\/image\/\",\"url\":\"https:\/\/jcolas.santcugatesn.com\/wp-content\/uploads\/2025\/10\/cropped-Captura_de_pantalla_2025-10-22_a_las_9.44.59-removebg-preview-1.png\",\"contentUrl\":\"https:\/\/jcolas.santcugatesn.com\/wp-content\/uploads\/2025\/10\/cropped-Captura_de_pantalla_2025-10-22_a_las_9.44.59-removebg-preview-1.png\",\"width\":311,\"height\":88,\"caption\":\"Maison \u00c9clat\"},\"image\":{\"@id\":\"https:\/\/jcolas.santcugatesn.com\/#\/schema\/logo\/image\/\"}}]}<\/script>\n<!-- \/ Yoast SEO plugin. -->","yoast_head_json":{"title":"P\u00e0gina principal - Maison \u00c9clat","robots":{"index":"index","follow":"follow","max-snippet":"max-snippet:-1","max-image-preview":"max-image-preview:large","max-video-preview":"max-video-preview:-1"},"canonical":"https:\/\/jcolas.santcugatesn.com\/","og_locale":"en_US","og_type":"article","og_title":"P\u00e0gina principal - Maison \u00c9clat","og_description":"Bolsos ic\u00f3nicos Novedades Tacones NEWSLETTER Suscr\u00edbase para recibir novedades de&nbsp;Maison \u00c9clat Nuestras redes sociales","og_url":"https:\/\/jcolas.santcugatesn.com\/","og_site_name":"Maison \u00c9clat","article_modified_time":"2025-11-11T21:41:09+00:00","og_image":[{"width":1280,"height":669,"url":"https:\/\/jcolas.santcugatesn.com\/wp-content\/uploads\/2025\/11\/WhatsApp-Image-2025-11-01-at-18.43.24.jpeg","type":"image\/jpeg"}],"twitter_card":"summary_large_image","twitter_misc":{"Est. reading time":"2 minutes"},"schema":{"@context":"https:\/\/schema.org","@graph":[{"@type":"WebPage","@id":"https:\/\/jcolas.santcugatesn.com\/","url":"https:\/\/jcolas.santcugatesn.com\/","name":"P\u00e0gina principal - Maison \u00c9clat","isPartOf":{"@id":"https:\/\/jcolas.santcugatesn.com\/#website"},"primaryImageOfPage":{"@id":"https:\/\/jcolas.santcugatesn.com\/#primaryimage"},"image":{"@id":"https:\/\/jcolas.santcugatesn.com\/#primaryimage"},"thumbnailUrl":"https:\/\/jcolas.santcugatesn.com\/wp-content\/uploads\/2025\/11\/WhatsApp-Image-2025-11-01-at-18.43.24-1024x535.jpeg","datePublished":"2025-09-23T14:29:39+00:00","dateModified":"2025-11-11T21:41:09+00:00","breadcrumb":{"@id":"https:\/\/jcolas.santcugatesn.com\/#breadcrumb"},"inLanguage":"en-US","potentialAction":[{"@type":"ReadAction","target":["https:\/\/jcolas.santcugatesn.com\/"]}]},{"@type":"ImageObject","inLanguage":"en-US","@id":"https:\/\/jcolas.santcugatesn.com\/#primaryimage","url":"https:\/\/jcolas.santcugatesn.com\/wp-content\/uploads\/2025\/11\/WhatsApp-Image-2025-11-01-at-18.43.24.jpeg","contentUrl":"https:\/\/jcolas.santcugatesn.com\/wp-content\/uploads\/2025\/11\/WhatsApp-Image-2025-11-01-at-18.43.24.jpeg","width":1280,"height":669},{"@type":"BreadcrumbList","@id":"https:\/\/jcolas.santcugatesn.com\/#breadcrumb","itemListElement":[{"@type":"ListItem","position":1,"name":"Home","item":"https:\/\/jcolas.santcugatesn.com\/"},{"@type":"ListItem","position":2,"name":"P\u00e0gina principal"}]},{"@type":"WebSite","@id":"https:\/\/jcolas.santcugatesn.com\/#website","url":"https:\/\/jcolas.santcugatesn.com\/","name":"Maison \u00c9clat","description":"","publisher":{"@id":"https:\/\/jcolas.santcugatesn.com\/#organization"},"potentialAction":[{"@type":"SearchAction","target":{"@type":"EntryPoint","urlTemplate":"https:\/\/jcolas.santcugatesn.com\/?s={search_term_string}"},"query-input":{"@type":"PropertyValueSpecification","valueRequired":true,"valueName":"search_term_string"}}],"inLanguage":"en-US"},{"@type":"Organization","@id":"https:\/\/jcolas.santcugatesn.com\/#organization","name":"Maison \u00c9clat","url":"https:\/\/jcolas.santcugatesn.com\/","logo":{"@type":"ImageObject","inLanguage":"en-US","@id":"https:\/\/jcolas.santcugatesn.com\/#\/schema\/logo\/image\/","url":"https:\/\/jcolas.santcugatesn.com\/wp-content\/uploads\/2025\/10\/cropped-Captura_de_pantalla_2025-10-22_a_las_9.44.59-removebg-preview-1.png","contentUrl":"https:\/\/jcolas.santcugatesn.com\/wp-content\/uploads\/2025\/10\/cropped-Captura_de_pantalla_2025-10-22_a_las_9.44.59-removebg-preview-1.png","width":311,"height":88,"caption":"Maison \u00c9clat"},"image":{"@id":"https:\/\/jcolas.santcugatesn.com\/#\/schema\/logo\/image\/"}}]}},"_links":{"self":[{"href":"https:\/\/jcolas.santcugatesn.com\/index.php?rest_route=\/wp\/v2\/pages\/2","targetHints":{"allow":["GET"]}}],"collection":[{"href":"https:\/\/jcolas.santcugatesn.com\/index.php?rest_route=\/wp\/v2\/pages"}],"about":[{"href":"https:\/\/jcolas.santcugatesn.com\/index.php?rest_route=\/wp\/v2\/types\/page"}],"author":[{"embeddable":true,"href":"https:\/\/jcolas.santcugatesn.com\/index.php?rest_route=\/wp\/v2\/users\/1"}],"replies":[{"embeddable":true,"href":"https:\/\/jcolas.santcugatesn.com\/index.php?rest_route=%2Fwp%2Fv2%2Fcomments&post=2"}],"version-history":[{"count":13,"href":"https:\/\/jcolas.santcugatesn.com\/index.php?rest_route=\/wp\/v2\/pages\/2\/revisions"}],"predecessor-version":[{"id":483,"href":"https:\/\/jcolas.santcugatesn.com\/index.php?rest_route=\/wp\/v2\/pages\/2\/revisions\/483"}],"wp:attachment":[{"href":"https:\/\/jcolas.santcugatesn.com\/index.php?rest_route=%2Fwp%2Fv2%2Fmedia&parent=2"}],"curies":[{"name":"wp","href":"https:\/\/api.w.org\/{rel}","templated":true}]}}